{"id":74,"date":"2020-04-04T16:39:34","date_gmt":"2020-04-04T16:39:34","guid":{"rendered":"http:\/\/www.pstl.radwanskie.nstrefa.pl\/?page_id=74"},"modified":"2024-11-22T23:27:10","modified_gmt":"2024-11-22T23:27:10","slug":"grupa-whatsapp-tennis-med","status":"publish","type":"page","link":"https:\/\/pstl.pl\/index.php\/grupa-whatsapp-tennis-med\/","title":{"rendered":"Grupa WhatsApp Tennis-Med"},"content":{"rendered":"\n<p>W 2018 roku przed Mistrzostwami Polski Lekarzy w Zielonej G\u00f3rze powsta\u0142a grupa 'TENNIS-MED&#8217; na&nbsp;WhatsAppie. Jej za\u0142o\u017cycielem jest jest Vice-prezes PSTL Lech Borkowski. Na grupie regularnie pojawiaj\u0105 si\u0119 wszystkie informacje zwi\u0105zane z PSTL: komunikaty turniejowe, drabinki, wyniki, zdj\u0119cia, og\u0142oszenia . Zach\u0119camy do do\u0142\u0105czenia.<\/p>\n\n\n\n<p>Aby to zrobi\u0107 nale\u017cy:<\/p>\n\n\n\n<p>&#8211; \u015bci\u0105gn\u0105\u0107 aplikacj\u0119 WhatsApp na sw\u00f3j telefon kom\u00f3rkowy (<a href=\"https:\/\/www.whatsapp.com\/?lang=pl\" target=\"_blank\" rel=\"noreferrer noopener\">link<\/a>) i zainstalowa\u0107 j\u0105<\/p>\n\n\n\n<p>&#8211; poprosi\u0107 o do\u0142\u0105czenie do grupy &#8211; w tym celu wysy\u0142amy smsa lub wiadomo\u015b\u0107 na WhatsAppie z pro\u015bb\u0105 do Lech Borkowski (tel.\u00a0<em>606429848)\u00a0<\/em> lub Marcin Pokrzywnicki (tel. 601172151) <\/p>\n\n\n\n<p><\/p>\n\n\n\n<p>Prosimy aby w ustawieniach w aplikacji&nbsp;WhatsApp poda\u0107 swoje pe\u0142ne imi\u0119 i nazwisko &#8211; u\u0142atwia to komunikacj\u0119 na grupie.<\/p>\n\n\n\n<p>Powiadomienia (w tym d\u017awi\u0119kowe) z aplikacji mo\u017cna wy\u0142\u0105czy\u0107 w zak\u0142adce Ustawienia -&gt; Powiadomienia.<\/p>\n\n\n\n<p>Tematyka grupy to tenis oraz wszystkie sprawy zwi\u0105zane z PSTL. Prosimy nie publikowa\u0107 wpis\u00f3w na tematy polityczne.<\/p>\n","protected":false},"excerpt":{"rendered":"<p>W 2018 roku przed Mistrzostwami Polski Lekarzy w Zielonej G\u00f3rze powsta\u0142a grupa 'TENNIS-MED&#8217; na&nbsp;WhatsAppie. Jej za\u0142o\u017cycielem jest jest Vice-prezes PSTL Lech Borkowski. Na grupie regularnie pojawiaj\u0105 si\u0119 wszystkie informacje zwi\u0105zane z PSTL: komunikaty turniejowe, drabinki, wyniki, zdj\u0119cia, og\u0142oszenia . Zach\u0119camy do do\u0142\u0105czenia. Aby to zrobi\u0107 nale\u017cy: &#8211; \u015bci\u0105gn\u0105\u0107 aplikacj\u0119 WhatsApp na sw\u00f3j telefon kom\u00f3rkowy (link) &hellip; <\/p>\n<p class=\"link-more\"><a href=\"https:\/\/pstl.pl\/index.php\/grupa-whatsapp-tennis-med\/\" class=\"more-link\">Czytaj dalej<span class=\"screen-reader-text\"> \u201eGrupa WhatsApp Tennis-Med\u201d<\/span><\/a><\/p>\n","protected":false},"author":1,"featured_media":0,"parent":0,"menu_order":0,"comment_status":"closed","ping_status":"closed","template":"","meta":{"footnotes":""},"class_list":["post-74","page","type-page","status-publish","hentry"],"_links":{"self":[{"href":"https:\/\/pstl.pl\/index.php\/wp-json\/wp\/v2\/pages\/74","targetHints":{"allow":["GET"]}}],"collection":[{"href":"https:\/\/pstl.pl\/index.php\/wp-json\/wp\/v2\/pages"}],"about":[{"href":"https:\/\/pstl.pl\/index.php\/wp-json\/wp\/v2\/types\/page"}],"author":[{"embeddable":true,"href":"https:\/\/pstl.pl\/index.php\/wp-json\/wp\/v2\/users\/1"}],"replies":[{"embeddable":true,"href":"https:\/\/pstl.pl\/index.php\/wp-json\/wp\/v2\/comments?post=74"}],"version-history":[{"count":4,"href":"https:\/\/pstl.pl\/index.php\/wp-json\/wp\/v2\/pages\/74\/revisions"}],"predecessor-version":[{"id":2625,"href":"https:\/\/pstl.pl\/index.php\/wp-json\/wp\/v2\/pages\/74\/revisions\/2625"}],"wp:attachment":[{"href":"https:\/\/pstl.pl\/index.php\/wp-json\/wp\/v2\/media?parent=74"}],"curies":[{"name":"wp","href":"https:\/\/api.w.org\/{rel}","templated":true}]}}