{"id":1978,"date":"2023-01-14T23:02:28","date_gmt":"2023-01-14T23:02:28","guid":{"rendered":"https:\/\/pstl.pl\/?page_id=1978"},"modified":"2023-01-14T23:02:28","modified_gmt":"2023-01-14T23:02:28","slug":"xx-ogolnopolski-turniej-tenisowy-lekarzy-trzech-kroli","status":"publish","type":"page","link":"https:\/\/pstl.pl\/index.php\/xx-ogolnopolski-turniej-tenisowy-lekarzy-trzech-kroli\/","title":{"rendered":"XX Og\u00f3lnopolski Turniej Tenisowy Lekarzy ,,Trzech Kr\u00f3li\u201d"},"content":{"rendered":"\n<p><\/p>\n\n\n\n<p><strong>Cz\u0119stochowa (SCOUT Sport, hard hala)<\/strong><\/p>\n\n\n\n<p><strong>6-8.01.2023 r. (pi\u0105tek-niedziela)<\/strong><\/p>\n\n\n\n<p><a href=\"https:\/\/pstl.pl\/wp-content\/uploads\/2022\/12\/czestochowa-2022.pdf\">Komunikat turniejowy i zapisy<\/a><\/p>\n\n\n\n<p><a rel=\"noreferrer noopener\" href=\"https:\/\/portal.pzt.pl\/TournamentDrawsheet.aspx?CategoryID=&amp;Male=&amp;TournamentID=B6F19A04-44AA-469A-8D30-E66E9E8C372C\" data-type=\"URL\" data-id=\"https:\/\/portal.pzt.pl\/TournamentDrawsheet.aspx?CategoryID=&amp;Male=&amp;TournamentID=B6F19A04-44AA-469A-8D30-E66E9E8C372C\" target=\"_blank\">Drabinki, grupy, wyniki<\/a><\/p>\n\n\n\n<p><a href=\"https:\/\/imgur.com\/a\/rUYA6s5\" data-type=\"URL\" data-id=\"https:\/\/imgur.com\/a\/rUYA6s5\" target=\"_blank\" rel=\"noreferrer noopener\">Zdj\u0119cia<\/a><\/p>\n","protected":false},"excerpt":{"rendered":"<p>Cz\u0119stochowa (SCOUT Sport, hard hala) 6-8.01.2023 r. (pi\u0105tek-niedziela) Komunikat turniejowy i zapisy Drabinki, grupy, wyniki Zdj\u0119cia<\/p>\n","protected":false},"author":1,"featured_media":0,"parent":0,"menu_order":0,"comment_status":"closed","ping_status":"closed","template":"","meta":{"footnotes":""},"class_list":["post-1978","page","type-page","status-publish","hentry"],"_links":{"self":[{"href":"https:\/\/pstl.pl\/index.php\/wp-json\/wp\/v2\/pages\/1978","targetHints":{"allow":["GET"]}}],"collection":[{"href":"https:\/\/pstl.pl\/index.php\/wp-json\/wp\/v2\/pages"}],"about":[{"href":"https:\/\/pstl.pl\/index.php\/wp-json\/wp\/v2\/types\/page"}],"author":[{"embeddable":true,"href":"https:\/\/pstl.pl\/index.php\/wp-json\/wp\/v2\/users\/1"}],"replies":[{"embeddable":true,"href":"https:\/\/pstl.pl\/index.php\/wp-json\/wp\/v2\/comments?post=1978"}],"version-history":[{"count":1,"href":"https:\/\/pstl.pl\/index.php\/wp-json\/wp\/v2\/pages\/1978\/revisions"}],"predecessor-version":[{"id":1979,"href":"https:\/\/pstl.pl\/index.php\/wp-json\/wp\/v2\/pages\/1978\/revisions\/1979"}],"wp:attachment":[{"href":"https:\/\/pstl.pl\/index.php\/wp-json\/wp\/v2\/media?parent=1978"}],"curies":[{"name":"wp","href":"https:\/\/api.w.org\/{rel}","templated":true}]}}