{"id":190,"date":"2020-04-06T23:34:37","date_gmt":"2020-04-06T23:34:37","guid":{"rendered":"http:\/\/www.pstl.radwanskie.nstrefa.pl\/?page_id=190"},"modified":"2020-04-06T23:34:37","modified_gmt":"2020-04-06T23:34:37","slug":"stroje-pstl","status":"publish","type":"page","link":"https:\/\/pstl.pl\/index.php\/stroje-pstl\/","title":{"rendered":"Stroje PSTL"},"content":{"rendered":"\n<p>Istnieje mo\u017cliwo\u015b\u0107 zakupu oficjalnych stroj\u00f3w PSTL.<\/p>\n\n\n\n<p>Bluza szara z napisami &#8211; dost\u0119pny ka\u017cdy rozmiar &#8211; cena 210 z\u0142.<\/p>\n\n\n\n<p>Bluza bia\u0142a z napisami &#8211; dost\u0119pna w rozmiarach XS, S, XXL &#8211; cena 200 z\u0142.<\/p>\n\n\n\n<p>Spodnie w rozmiarach S, M,L, XL, kolory: czarny, szary, navi (granatowy) &#8211; cena 130 z\u0142.<\/p>\n\n\n\n<p>Zdj\u0119cia stroj\u00f3w -&gt;&nbsp;<a href=\"https:\/\/imgur.com\/a\/QznKX3X\" target=\"_blank\" rel=\"noreferrer noopener\">https:\/\/imgur.com\/a\/QznKX3X<\/a><\/p>\n\n\n\n<p>W sprawie zakupu ubra\u0144 i p\u0142atno\u015bci prosz\u0119 kontaktowa\u0107 si\u0119 z&nbsp;Rafa\u0142 Helbik, tel. 601056101.<\/p>\n","protected":false},"excerpt":{"rendered":"<p>Istnieje mo\u017cliwo\u015b\u0107 zakupu oficjalnych stroj\u00f3w PSTL. Bluza szara z napisami &#8211; dost\u0119pny ka\u017cdy rozmiar &#8211; cena 210 z\u0142. Bluza bia\u0142a z napisami &#8211; dost\u0119pna w rozmiarach XS, S, XXL &#8211; cena 200 z\u0142. Spodnie w rozmiarach S, M,L, XL, kolory: czarny, szary, navi (granatowy) &#8211; cena 130 z\u0142. Zdj\u0119cia stroj\u00f3w -&gt;&nbsp;https:\/\/imgur.com\/a\/QznKX3X W sprawie zakupu ubra\u0144 &hellip; <\/p>\n<p class=\"link-more\"><a href=\"https:\/\/pstl.pl\/index.php\/stroje-pstl\/\" class=\"more-link\">Czytaj dalej<span class=\"screen-reader-text\"> \u201eStroje PSTL\u201d<\/span><\/a><\/p>\n","protected":false},"author":1,"featured_media":0,"parent":0,"menu_order":0,"comment_status":"closed","ping_status":"closed","template":"","meta":{"footnotes":""},"class_list":["post-190","page","type-page","status-publish","hentry"],"_links":{"self":[{"href":"https:\/\/pstl.pl\/index.php\/wp-json\/wp\/v2\/pages\/190","targetHints":{"allow":["GET"]}}],"collection":[{"href":"https:\/\/pstl.pl\/index.php\/wp-json\/wp\/v2\/pages"}],"about":[{"href":"https:\/\/pstl.pl\/index.php\/wp-json\/wp\/v2\/types\/page"}],"author":[{"embeddable":true,"href":"https:\/\/pstl.pl\/index.php\/wp-json\/wp\/v2\/users\/1"}],"replies":[{"embeddable":true,"href":"https:\/\/pstl.pl\/index.php\/wp-json\/wp\/v2\/comments?post=190"}],"version-history":[{"count":1,"href":"https:\/\/pstl.pl\/index.php\/wp-json\/wp\/v2\/pages\/190\/revisions"}],"predecessor-version":[{"id":191,"href":"https:\/\/pstl.pl\/index.php\/wp-json\/wp\/v2\/pages\/190\/revisions\/191"}],"wp:attachment":[{"href":"https:\/\/pstl.pl\/index.php\/wp-json\/wp\/v2\/media?parent=190"}],"curies":[{"name":"wp","href":"https:\/\/api.w.org\/{rel}","templated":true}]}}