{"id":1414,"date":"2021-11-20T13:56:33","date_gmt":"2021-11-20T13:56:33","guid":{"rendered":"https:\/\/pstl.pl\/?page_id=1414"},"modified":"2021-11-20T16:55:15","modified_gmt":"2021-11-20T16:55:15","slug":"turniej-pstl-pabianice-2021","status":"publish","type":"page","link":"https:\/\/pstl.pl\/index.php\/turniej-pstl-pabianice-2021\/","title":{"rendered":"Turniej PSTL &#8211; Pabianice 2021"},"content":{"rendered":"\n<p><strong>XXII Halowe Mistrzostwa Polski Lekarzy w Tenisie ,,Memoria\u0142 dra Andrzeja Jasi\u0144skiego\u201d<\/strong><\/p>\n\n\n\n<p><strong>11-14.11.2021 r. (czwartek-niedziela)<\/strong><\/p>\n\n\n\n<p><\/p>\n\n\n\n<p><strong>Memoria\u0142 dr Andrzeja Jasi\u0144skiego w tenisie rozgrywany jest od 2011 roku. Tegoroczny, kt\u00f3ry odby\u0142 si\u0119 w Pabianicach by\u0142 jednocze\u015bnie Halowymi Mistrzostwami Polski Lekarzy. Potr\u00f3jnymi z\u0142otymi medalistami zostali: Bo\u017cenna K\u0119dzierska i Marcin Pokrzywnicki. Nagrod\u0119 Fair Play przyznano dwojgu uczestnikom: Marii Go\u0142dzie i J\u00f3zefowi Safianowi.<\/strong><\/p>\n\n\n\n<p>Na twardych kortach w Pabianicach rywalizowa\u0142o ponad 70 lekarzy. W mistrzostwach w potr\u00f3jnej roli wyst\u0105pi\u0142 doktor Bogus\u0142aw Rataj, jako: uczestnik, organizator i dyrektor turnieju. \u2013 Cieszy fakt, \u017ce do\u0142\u0105cza do nas coraz wi\u0119cej m\u0142odych graczy, co by\u0142o widoczne w zmaganiach w kategorii open. Ta grupa nam si\u0119 rozrasta i bardzo dobrze. Do rywalizacji przyst\u0105pi\u0142o r\u00f3wnie\u017c du\u017co, bo 18 kobiet. Poziom? Z roku na rok wy\u017cszy. Sw\u00f3j udzia\u0142 w turnieju zako\u0144czy\u0142em w p\u00f3\u0142finale w kategorii +60, gdzie wygra\u0142 Wojciech Pietrzak, pokonuj\u0105c w finale Artura Ferencza z Zielonej G\u00f3ry \u2013 podsumowuje Halowe Mistrzostwa Polski Lekarzy Bogus\u0142aw Rataj. Nale\u017cy doda\u0107, \u017ce rozegrano r\u00f3wnie\u017c mecze deblowe i mikstowe.<\/p>\n\n\n\n<p>Pierwszy turniej memoria\u0142owy dr Andrzeja Jasi\u0144skiego odby\u0142 si\u0119 w roku 2011, rok po jego \u015bmierci. Doktor Jasi\u0144ski by\u0142 wybitnym ginekologiem z wieloletnim do\u015bwiadczeniem. Pracowa\u0142 w Klinice Perinatologii Instytutu Centrum Zdrowia Matki Polki w \u0141odzi.\u00a0Jak wspominaj\u0105 go jego koledzy i wsp\u00f3\u0142pracownicy by\u0142 nie tylko \u015bwietnym lekarzem, ale te\u017c osob\u0105 o ogromnej empatii, wspania\u0142ym przyjacielem. Doskonale gra\u0142 w tenisa, zw\u0142aszcza w grze podw\u00f3jnej. W 2001 roku w japo\u0144skiej Fukuoce zosta\u0142 Mistrzem \u015awiata Lekarzy.<\/p>\n\n\n\n<p>\u017ar\u00f3d\u0142o: <a href=\"https:\/\/tenismagazyn.pl\/pabianice-halowe-mistrzostwa-polski-lekarzy\/?fbclid=IwAR3Arg9r2QCnwKwue1b63JPWahQ7o0GRBJroS0Fg_ho4pYn72n29nqC7r00\" target=\"_blank\" rel=\"noreferrer noopener\">TENIS MAGAZYN<\/a><\/p>\n\n\n\n<p><strong>Z\u0142oci medali\u015bci Halowych Mistrzostw Polski Lekarzy<\/strong><br><strong>kobiety:<\/strong><\/p>\n\n\n\n<p>kategoria open \u2013 Maria Go\u0142da<br>kategoria +45 \u2013 Anna Komar<br>kategoria +55 \u2013 Gra\u017cyna Martini<br>kategoria + 60 \u2013 Bo\u017cenna K\u0119dzierska<\/p>\n\n\n\n<p><strong>m\u0119\u017cczy\u017ani:<\/strong><\/p>\n\n\n\n<p>kategoria open \u2013 Marcin Pokrzywnicki<br>kategoria +35 \u2013 Bogus\u0142aw Marinkovi\u0107<br>kategoria +50 \u2013 Marek Komar<br>kategoria +55 \u2013 Tomasz Maziak<br>kategoria +60 \u2013 Wojciech Pietrzak<br>kategoria +65 \u2013 Zdzis\u0142aw Hrynkiewicz<br>kategoria +70 \u2013 Jan Kubicki<br>kategoria +75 \u2013 Krzysztof Micha\u0142owski<br>kategoria +80 \u2013 J\u00f3zef Safian<\/p>\n\n\n\n<p><\/p>\n\n\n\n<p><a rel=\"noreferrer noopener\" href=\"https:\/\/pstl.pl\/wp-content\/uploads\/2021\/10\/HMPL-2021.pdf\" target=\"_blank\">Komunikat turniejowy<\/a><\/p>\n\n\n\n<div class=\"wp-block-file\"><a href=\"https:\/\/pstl.pl\/wp-content\/uploads\/2021\/11\/XXII-HMPL-PABIANICE-2021-2.ods\">Wyniki<\/a><a href=\"https:\/\/pstl.pl\/wp-content\/uploads\/2021\/11\/XXII-HMPL-PABIANICE-2021-2.ods\" class=\"wp-block-file__button\" download>Pobierz<\/a><\/div>\n\n\n\n<p><a href=\"https:\/\/imgur.com\/a\/B8vgNYa\" target=\"_blank\" rel=\"noreferrer noopener\">Zdj\u0119cia<\/a><\/p>\n","protected":false},"excerpt":{"rendered":"<p>XXII Halowe Mistrzostwa Polski Lekarzy w Tenisie ,,Memoria\u0142 dra Andrzeja Jasi\u0144skiego\u201d 11-14.11.2021 r. (czwartek-niedziela) Memoria\u0142 dr Andrzeja Jasi\u0144skiego w tenisie rozgrywany jest od 2011 roku. Tegoroczny, kt\u00f3ry odby\u0142 si\u0119 w Pabianicach by\u0142 jednocze\u015bnie Halowymi Mistrzostwami Polski Lekarzy. Potr\u00f3jnymi z\u0142otymi medalistami zostali: Bo\u017cenna K\u0119dzierska i Marcin Pokrzywnicki. Nagrod\u0119 Fair Play przyznano dwojgu uczestnikom: Marii Go\u0142dzie i &hellip; <\/p>\n<p class=\"link-more\"><a href=\"https:\/\/pstl.pl\/index.php\/turniej-pstl-pabianice-2021\/\" class=\"more-link\">Czytaj dalej<span class=\"screen-reader-text\"> \u201eTurniej PSTL &#8211; Pabianice 2021\u201d<\/span><\/a><\/p>\n","protected":false},"author":1,"featured_media":0,"parent":0,"menu_order":0,"comment_status":"closed","ping_status":"closed","template":"","meta":{"footnotes":""},"class_list":["post-1414","page","type-page","status-publish","hentry"],"_links":{"self":[{"href":"https:\/\/pstl.pl\/index.php\/wp-json\/wp\/v2\/pages\/1414","targetHints":{"allow":["GET"]}}],"collection":[{"href":"https:\/\/pstl.pl\/index.php\/wp-json\/wp\/v2\/pages"}],"about":[{"href":"https:\/\/pstl.pl\/index.php\/wp-json\/wp\/v2\/types\/page"}],"author":[{"embeddable":true,"href":"https:\/\/pstl.pl\/index.php\/wp-json\/wp\/v2\/users\/1"}],"replies":[{"embeddable":true,"href":"https:\/\/pstl.pl\/index.php\/wp-json\/wp\/v2\/comments?post=1414"}],"version-history":[{"count":4,"href":"https:\/\/pstl.pl\/index.php\/wp-json\/wp\/v2\/pages\/1414\/revisions"}],"predecessor-version":[{"id":1433,"href":"https:\/\/pstl.pl\/index.php\/wp-json\/wp\/v2\/pages\/1414\/revisions\/1433"}],"wp:attachment":[{"href":"https:\/\/pstl.pl\/index.php\/wp-json\/wp\/v2\/media?parent=1414"}],"curies":[{"name":"wp","href":"https:\/\/api.w.org\/{rel}","templated":true}]}}